
Let r be (-1)/(12/2) + 1147/186. Calculate the greatest common divisor of r and 290.
2
Let s(d) = d + 5. Let x be s(-3). Suppose -r + 2*v = -x*r - 5, -v - 5 = 0. Suppose 82 = 5*o + 7. Calculate the highest common factor of r and o.
5
Let j be 217/(-1085) - (-2922)/10. Calculate the highest common divisor of j and 40.
4
Suppose 885 = 36*m + 222 - 957. Suppose 3*b - 25 = -2*b. Suppose w = -0*r - 2*r + 38, 0 = -4*r + b*w + 62. What is the highest common divisor of m and r?
9
Let q = -67 + 70. Suppose -99 = -7*l + q*l + b, 102 = 4*l + 2*b. Suppose 2*m + h = 17, 0 = 3*m + 5*h - l - 18. What is the highest common divisor of 9 and m?
3
Let h = 455 + -857. Let f = -363 - h. What is the greatest common divisor of f and 507?
39
Let q(k) = 5*k. Let o be q(1). Suppose 20 - 5 = 3*w - x, -2*w = -o*x - 23. Let z(m) = 6*m - 6. Let g be z(7). Calculate the greatest common divisor of g and w.
4
Suppose 95 = 2*m + 3*m. Let h(n) = -260*n + 2. Let q be h(1). Let z = 448 + q. Calculate the greatest common factor of m and z.
19
Suppose -2*i - 221 = 27. Let c = i - -136. Suppose c*q = -2*q + 1050. Calculate the greatest common factor of q and 15.
15
Suppose -140 = -11*q + 366. Let g(m) = 6*m**2 - 49*m - 354. Let p be g(-10). Calculate the greatest common factor of q and p.
46
Let f(v) = -10977*v - 19. Let p be f(-1). Suppose 0 = -19*d + p + 6617. What is the highest common divisor of 37 and d?
37
Suppose 186*h - 1667 = 158*h + 573. What is the greatest common divisor of 12080 and h?
80
Suppose 5*t + 3*c + 18 = 0, -t + 5*c - 26 = -0. Let w be 416/t*27/6. Let f = -221 - w. What is the greatest common divisor of f and 7?
7
Let i(w) = w**3 - w**2 - 14*w + 5. Let o be i(8). Calculate the greatest common factor of 22 and o.
11
Suppose -5*k - 10 = 0, -k - k = -2*j + 44. Suppose 3*o = 4*l + 8 - 112, 0 = 5*o - j. What is the highest common divisor of l and 290?
29
Suppose 3*k = 4*k + 6. Let m = 4204 + -4208. Let u be 2 - ((-39)/k)/(2/m). Calculate the greatest common factor of 6 and u.
3
Suppose -y + 69 = 5*u, 2*u - 82 = 3*y - 34. Calculate the greatest common factor of 19605 and u.
15
Let f be 22 - (15/(-6))/5*2. Calculate the highest common divisor of f and 32154.
23
Suppose -150*v - 110*v + 51120 = -47*v. Calculate the greatest common divisor of v and 2820.
60
Let o = 130 + -127. Suppose -5*z + o*g = -405, -2*g = 3*z - 0*g - 262. What is the highest common factor of z and 105?
21
Let m(w) = w**2 - 8*w - 29. Let h be m(14). Let p = 26 + 1. Let n = p - 16. What is the highest common divisor of h and n?
11
Suppose 3*v - 36 = -15. Let c be -1*6/v*-21. Suppose i = 5*o - 33, -2*i + 206 = 212. Calculate the highest common divisor of o and c.
6
Let r be (68322/772)/((-1 - 22/(-4))/6). Calculate the highest common divisor of r and 354.
118
Suppose l + 4*r - 97 = 0, 2*l - 162 - 44 = -2*r. Let n = 51 - 17. Suppose 4*x - 47 = 3*d + n, -4*x - d = -85. What is the greatest common factor of l and x?
21
Suppose -1632 = -649*g + 581*g. Calculate the greatest common factor of g and 88.
8
Let q(h) = h**2 - 58*h + 144. Let p be q(48). Let f = 462 + p. Let z = 37 - 9. Calculate the greatest common factor of f and z.
14
Let b(o) = o**3 - 3*o**2 - 9*o - 4. Let c be b(5). Let v(j) = 7*j**2 + 10*j - 10. Let p be v(c). Calculate the highest common divisor of 126 and p.
7
Let q be (-15)/(-6)*46 + -10. Calculate the greatest common divisor of 11865 and q.
105
Let r = 1354 - 1348. Calculate the highest common divisor of 2124 and r.
6
Let j(w) = 41*w**3 - 6*w**2 - 2*w - 6. Let x be j(5). Suppose -x = 5*v - 159. Let k be 4/7 - v/35. Calculate the highest common factor of 14 and k.
14
Suppose -91362 = -224*v - 28900 + 59842. Calculate the greatest common divisor of v and 28.
14
Let u = -1670 - -1824. What is the highest common divisor of u and 1463?
77
Suppose -17*f + 27*f + 33*f - 5117 = 0. What is the greatest common factor of f and 49?
7
Suppose -3*w - 2*h = -7*h - 138, 3*w - 2*h = 138. Suppose 4*f + 3*x - 549 = 0, -2*f + 5*x = -32 - 249. Calculate the highest common divisor of w and f.
46
Let s(o) = -4*o + 22. Let w be s(5). Suppose -3*r + w*b = -1, 3*b = -2*r + 18 - 0. Let t be (7*-77)/(r/(-3)). Calculate the greatest common factor of t and 49.
49
Let o be 4/(1/5 - 0). Let q(b) = 40*b**2 + 344*b - 136. Let u be q(-9). What is the highest common divisor of o and u?
4
Let j be 2/(-4) - 324/(-8). Suppose 6*h - 3*h = -11*h. Suppose 4*r - 3*r - 8 = h. Calculate the highest common divisor of r and j.
8
Suppose 11*y + 8810 - 13199 = 0. Calculate the greatest common factor of y and 1064.
133
Suppose 20*w = 26*w + 36. Let f(n) = -n**2 - 10*n - 12. Let l be f(w). What is the greatest common divisor of 4 and l?
4
Let m be (7 - -2) + 22 + -16. What is the greatest common factor of 65 and m?
5
Let z = -6415 - -6505. What is the greatest common divisor of z and 198?
18
Suppose -8*g + 129 = 481. Let s be 4*((-834)/56 + (-17)/(-119)). Let k = g - s. What is the highest common factor of k and 10?
5
Let g(l) be the second derivative of l**4/4 + l**3/6 + l**2 - 190*l. Let m be g(2). Calculate the greatest common divisor of 320 and m.
16
Suppose d + 2*d = 4*a - 989, 4*a = 5*d + 1635. Let s = 549 + d. Calculate the highest common factor of s and 2.
2
Let s(m) = 775*m - 79. Let v be s(1). What is the highest common divisor of v and 48?
24
Suppose 8*y + 54*y = -0*y + 11904. Calculate the highest common factor of y and 1936.
16
Let h = 11499 - 11474. Suppose -3*t = -4*t - 3*k + 388, -3*t - k = -1196. Calculate the highest common factor of t and h.
25
Let j(y) = 286*y + 23413. Let b be j(-78). Let h be 119/9 - 2/9. Calculate the greatest common factor of h and b.
13
Let q be 7/84 + (-40940)/(-48). Calculate the highest common divisor of 1 and q.
1
Suppose -3*k + 3*j + 15513 = 0, 17349 = 5*k + 4*j - 8560. Calculate the highest common factor of 124 and k.
31
Let i be 4*1*(-34722)/(-72). Suppose -i = -5*t + 4*b, 5*b + 19 = 14. Calculate the highest common divisor of t and 77.
77
Let r = -9122 + 9694. Calculate the highest common factor of 676 and r.
52
Suppose -345*n + 216*n + 71131 = -8333. What is the highest common factor of n and 37268?
308
Let i(f) = 2*f**2 - 32*f + 5. Let w be i(16). Suppose c - 1064 = 4*n - 3244, 0 = w*n - c - 2724. What is the greatest common divisor of n and 64?
32
Let r be (-1)/(-4) - 110/(-8). Let y = -14 + 320. Let w be 355/17 + 3*12/y. Calculate the greatest common divisor of r and w.
7
Let b be -2315*(-14)/60 - 1/6. Suppose -217*m + 221*m = b. What is the greatest common factor of 15 and m?
15
Let g be 2070/(-36)*32/10. Let k = -120 - g. What is the greatest common divisor of k and 192?
64
Suppose -3*p - 4*q + 1504 = 0, 5*p - 2334 - 170 = -4*q. What is the highest common factor of p and 140?
20
Suppose -30*z + 35*z = -3*x + 3650, 4*x = -4*z + 4856. Calculate the greatest common factor of x and 176.
22
Let t be (54/5)/(2/10). Let o = 647 + -319. Suppose -o*c + 90 = -323*c. What is the greatest common divisor of t and c?
18
Let o be (105/40 - 3)*-2*4. Suppose o*x = -0*x + 264. Calculate the highest common factor of 66 and x.
22
Let m(g) = -17*g**3 - 427*g**2 - 69*g - 42. Let q be m(-25). What is the greatest common divisor of 3 and q?
1
Suppose -215 = -3*d - 176. Suppose 3*a - 137 = -4*s, 0 = -s + 7 - 2. Calculate the highest common factor of a and d.
13
Let x(g) = -4*g - 2. Suppose v + 8 = 31. Suppose 0 = 19*c - v*c - 52. Let s be x(c). Calculate the highest common divisor of 5 and s.
5
Suppose 10*q = -109*q - 51*q + 8840. What is the highest common divisor of q and 3692?
52
Let u(a) = 188*a**2 + 62*a - 56. Let x be u(2). Calculate the greatest common factor of 5084 and x.
164
Let a(d) = 2*d + 14. Let c be a(-5). Suppose -3*w - c = 4*m, -5*w + 2*m = -w - 24. Suppose 0*p - 1 = -p. Calculate the greatest common divisor of w and p.
1
Let g(c) = 4*c**2 + 862*c - 4815. Let k be g(-221). Suppose -5*r + 721 = -924. What is the greatest common divisor of k and r?
47
Let n(z) = -z**3 + 4*z**2 + 7*z + 21. Let i be n(-3). What is the highest common divisor of 549 and i?
9
Suppose -2*d - 7*d + 3402 = 0. Let x = 21 + -4. Suppose -3*t + x = -z + 56, -3*z + 5*t = -121. What is the greatest common divisor of z and d?
42
Suppose 3*w - 304 = 5*r, -88 = -3*w + 2*w + 5*r. Suppose -29*j = -23*j - w. What is the 